rs of 112336.
2, 7, 17, 59
List the prime factors of 9960560.
2, 5, 19, 6553
What are the prime factors of 540693?
3, 60077
List the prime factors of 3634960.
2, 5, 7, 6491
What are the prime factors of 531839?
7, 11, 6907
List the prime factors of 88453.
197, 449
List the prime factors of 1829547.
3, 7529
What are the prime factors of 839681?
17, 49393
What are the prime factors of 7402717?
7, 1057531
What are the prime factors of 928520?
2, 5, 139, 167
List the prime factors of 223069.
7, 11, 2897
What are the prime factors of 6136?
2, 13, 59
List the prime factors of 1760789.
463, 3803
What are the prime factors of 1692863?
1692863
List the prime factors of 20365320.
2, 3, 5, 17, 67, 149
List the prime factors of 1854073.
13, 127, 1123
What are the prime factors of 3037415?
5, 613, 991
List the prime factors of 122969.
7, 11, 1597
List the prime factors of 5018549.
739, 6791
What are the prime factors of 565751?
43, 59, 223
List the prime factors of 240233.
7, 34319
What are the prime factors of 11499643?
137, 83939
List the prime factors of 4383126.
2, 3, 11, 47, 157
List the prime factors of 122278.
2, 13, 4703
What are the prime factors of 443665?
5, 89, 997
List the prime factors of 931285.
5, 19, 9803
List the prime factors of 1478094.
2, 3, 246349
List the prime factors of 764851.
383, 1997
List the prime factors of 139816.
2, 17477
What are the prime factors of 41123?
17, 41, 59
List the prime factors of 7841933.
11, 53, 13451
List the prime factors of 2637073.
439, 6007
What are the prime factors of 54894?
2, 3, 7, 1307
List the prime factors of 5605510.
2, 5, 560551
List the prime factors of 313384.
2, 43, 911
List the prime factors of 16758614.
2, 8379307
What are the prime factors of 365369?
365369
List the prime factors of 26761883.
1201, 22283
List the prime factors of 32697526.
2, 139, 117617
List the prime factors of 16026062.
2, 13, 616387
What are the prime factors of 5053112?
2, 487, 1297
What are the prime factors of 3629568?
2, 3, 17, 139
List the prime factors of 571747.
11, 51977
List the prime factors of 185899.
7, 26557
List the prime factors of 484648.
2, 29, 2089
What are the prime factors of 11609416?
2, 7, 13, 37, 431
What are the prime factors of 214405?
5, 137, 313
List the prime factors of 7499007.
3, 277741
What are the prime factors of 5640966?
2, 3, 313387
What are the prime factors of 913246?
2, 456623
What are the prime factors of 5942130?
2, 3, 5, 41, 4831
List the prime factors of 4086869.
1787, 2287
List the prime factors of 207296.
2, 41, 79
What are the prime factors of 1098381?
3, 366127
What are the prime factors of 6227175?
3, 5, 79, 1051
List the prime factors of 175254.
2, 3, 29209
What are the prime factors of 2509904?
2, 103, 1523
List the prime factors of 4031004.
2, 3, 335917
What are the prime factors of 455675?
5, 11, 1657
What are the prime factors of 760445?
5, 7, 21727
List the prime factors of 11674452.
2, 3, 73, 13327
What are the prime factors of 1415808?
2, 3, 1229
List the prime factors of 8359560.
2, 3, 5, 11, 2111
List the prime factors of 11373461.
11, 1033951
What are the prime factors of 40120?
2, 5, 17, 59
What are the prime factors of 11354504?
2, 7, 17, 11927
What are the prime factors of 25725684?
2, 3, 23, 83, 1123
List the prime factors of 1768186.
2, 7, 53, 2383
What are the prime factors of 27074390?
2, 5, 7, 386777
List the prime factors of 759265.
5, 13, 11681
List the prime factors of 1783146.
2, 3, 297191
List the prime factors of 525546.
2, 3, 7, 43, 97
List the prime factors of 3584877.
3, 1194959
What are the prime factors of 235364?
2, 29, 2029
List the prime factors of 1756966.
2, 71, 12373
List the prime factors of 1356194.
2, 7, 73, 1327
What are the prime factors of 1125620?
2, 5, 23, 2447
What are the prime factors of 23108668?
2, 11, 103, 5099
List the prime factors of 9301082.
2, 7, 107, 887
What are the prime factors of 22821?
3, 7607
What are the prime factors of 172850?
2, 5, 3457
What are the prime factors of 1275573?
3, 13, 32707
What are the prime factors of 839733?
3, 317, 883
List the prime factors of 41342.
2, 7, 2953
What are the prime factors of 12556726?
2, 7, 13, 68993
What are the prime factors of 4472093?
61, 167, 439
List the prime factors of 1891977.
3, 630659
What are the prime factors of 41601?
3, 7, 283
What are the prime factors of 284446?
2, 142223
List the prime factors of 5060008.
2, 632501
What are the prime factors of 141156?
2, 3, 1307
What are the prime factors of 1071179?
23, 46573
What are the prime factors of 3231447?
3, 457, 2357
List the prime factors of 693380.
2, 5, 37, 937
List the prime factors of 1051268.
2, 89, 2953
What are the prime factors of 610897?
7, 197, 443
What are the prime factors of 1593941?
1097, 1453
List the prime factors of 150163.
13, 11551
List the prime factors of 415830.
2, 3, 5, 83, 167
What are the prime factors of 11712746?
2, 227, 25799
What are the prime factors of 792755?
5, 158551
What are the prime factors of 1376544?
2, 3, 13, 1103
What are the prime factors of 271657?
271657
List the prime factors of 2491022.
2, 191, 6521
What are the prime factors of 12845319?
3, 17, 61, 4129
List the prime factors of 5547753.
3, 19, 32443
What are the prime factors of 2359213?
2359213
List the prime factors of 313511.
11, 2591
What are the prime factors of 9073430?
2, 5, 43, 21101
List the prime factors of 1067948.
2, 7, 43, 887
List the prime factors of 8039701.
101, 79601
List the prime factors of 1925840.
2, 5, 7, 19, 181
List the prime factors of 833451.
3, 23, 47, 257
List the prime factors of 231361.
13, 37
List the prime factors of 1470486.
2, 3, 19, 12899
What are the prime factors of 1191896?
2, 383, 389
List the prime factors of 182129.
182129
What are the prime factors of 9415306?
2, 1213, 3881
List the prime factors of 289609.
71, 4079
What are the prime factors of 1056316?
2, 181, 1459
List the prime factors of 399796.
2, 127, 787
List the prime factors of 2990428.
2, 7, 106801
What are the prime factors of 457431?
3, 13, 37, 317
What are the prime factors of 696649?
811, 859
List the prime factors of 2978935.
5, 61, 9767
List the prime factors of 797847.
3, 23, 31, 373
List the prime factors of 1032626.
2, 7, 41, 257
What are the prime factors of 726970?
2, 5, 139, 523
What are the prime factors of 301300?
2, 5, 23, 131
What are the prime factors of 170998?
2, 193, 443
What are the prime factors of 794767?
17, 46751
What are the prime factors of 2068372?
2, 71, 7283
List the prime factors of 883663.
11, 67, 109
What are the prime factors of 150300?
2, 3, 5, 167
What are the prime factors of 630451?
630451
What are the prime factors of 3740854?
2, 13, 143879
List the prime factors of 8590938.
2, 3, 113, 12671
List the prime factors of 4496704.
2, 17, 4133
What are the prime factors of 369200?
2, 5, 13, 71
What are the prime factors of 24582442?
2, 17, 31, 83, 281
What are the prime factors of 873747?
3, 7, 23, 67
What are the prime factors of 26635307?
409, 65123
List the prime factors of 355902.
2, 3, 23, 2579
What are the prime factors of 15225521?
15225521
What are the prime factors of 31348213?
13, 37, 65173
List the prime factors of 23198049.
3, 7, 122741
What are the prime factors of 1226563?
13, 94351
What are the prime factors of 147472?
2, 13, 709
What are the prime factors of 377800?
2, 5, 1889
What are the prime factors of 17934915?
3, 5, 17, 61, 1153
List the prime factors of 258811.
7, 36973
What are the prime factors of 1509141?
3, 17, 127, 233
List the prime factors of 2965868.
2, 741467
List the prime factors of 364110.
2, 3, 5, 53, 229
List the prime factors of 2919509.
2919509
What are the prime factors of 5817198?
2, 3, 969533
List the prime factors of 219429.
3, 7, 43
List the prime factors of 219332.
2, 54833
What are the prime factors of 1742185?
5, 348437
What are the prime factors of 1213252?
2, 303313
List the prime factors of 10266716.
2, 2566679
List the prime factors of 1574768.
2, 13, 67, 113
What are the prime factors of 419012?
2, 11, 89, 107
List the prime factors of 72745.
5, 14549
What are the prime factors of 53185?
5, 11, 967
What are the prime factors of 999102?
2, 3, 13, 12809
List the prime factors of 299379.
3, 99793
List the prime factors of 5